 + 5 + 9, 4*s = q*d - 44. What is the highest common factor of d and a?
8
Suppose 5*y - 2 - 8 = 0. Suppose -4 = -y*o + 2. Suppose 2*n - 97 = o. What is the greatest common divisor of 20 and n?
10
Let a = -18 + 40. Calculate the greatest common divisor of a and 176.
22
Let d be ((-2*3)/(-1))/2. Suppose 2*o - 1 - 3 = 0. Suppose 3*s = -o*x + 27, -x - 5*s = -2*x + 33. What is the greatest common factor of x and d?
3
Let l(m) = 34*m**2 - 6*m. Let i be l(2). Calculate the highest common divisor of 31 and i.
31
Let n be (1 - 9/7) + 1800/126. What is the highest common divisor of n and 28?
14
Let p = 371 - 224. Calculate the greatest common factor of p and 21.
21
Let w(j) = 2*j**2 + 6*j + 5. Let r be w(-4). Let x = r + -8. Calculate the highest common divisor of 10 and x.
5
Let x be 6 + -4 - -1*1. Let p(c) = -6*c**2 + 3*c - 3. Let w be p(x). Let i = w - -146. Calculate the highest common factor of i and 14.
14
Let p(f) = -f + 2. Let t be p(5). Let b = -1 + 0. Let c = b - t. What is the greatest common factor of c and 2?
2
Suppose 0 = 2*i - 7*i + 225. Suppose -3*a + 12 = w - 6*w, 3*a - 33 = -2*w. What is the highest common factor of i and a?
9
Let n(d) = d + 14. Let y be n(0). Let l be 68/7 - (-4)/y. Calculate the highest common divisor of 2 and l.
2
Let j be (6 + 2)/((-4)/(-24)). What is the greatest common factor of 6 and j?
6
Suppose 4*d - 2*j = 1 + 17, 0 = -4*j - 12. What is the highest common divisor of 1 and d?
1
Let p be (-2)/((-1 + -1)/1). Let l be p/3 - (-790)/6. Let x = 10 + 2. What is the greatest common factor of l and x?
12
Suppose 3*h = 2*h + 132. Let x be (-5)/(-1)*h/5. Suppose 0*f - 24 = -2*f. What is the greatest common divisor of f and x?
12
Suppose -145 = -5*l + 260. Calculate the greatest common divisor of 27 and l.
27
Suppose -c - 3*c = -280. Let o be (-6)/(3 + 8/(-4)). Let z = o - -20. What is the greatest common factor of c and z?
14
Let z = -14 + 23. Calculate the greatest common factor of z and 18.
9
Let j be ((-10)/(-35))/(2/56). Let r(x) = 8*x**2 - x + 2. Let s be r(2). Calculate the highest common divisor of s and j.
8
Let q be (-1 - 3)/((-2)/4). Let c(z) = -z**2 + 11*z + 1. Let v be c(q). What is the greatest common factor of v and 50?
25
Let y = -25 - -42. Let z = -261 + 448. Calculate the greatest common factor of y and z.
17
Suppose 0 = -8*f + 86 + 90. What is the greatest common factor of 22 and f?
22
Suppose -4*d + 46 = 2. Let m(w) = -w + 5. Let y be m(6). Let u = d - y. What is the greatest common factor of u and 36?
12
Suppose 3*v = 5*r - 45, 22 + 36 = 4*r + 2*v. Suppose -12 = -0*m - 3*m. Calculate the highest common divisor of m and r.
4
Suppose -f + 6*f - 180 = -2*t, 5*t = 5*f + 380. Calculate the greatest common divisor of t and 16.
16
Let g = -43 + 91. Calculate the highest common divisor of 3 and g.
3
Let j = -280 - -532. Suppose -3*n = -6*n + j. What is the greatest common divisor of n and 12?
12
Suppose a - 14 = -4*g, 0*g = -2*g + 4*a + 16. Let r = 16 + 0. What is the highest common divisor of r and g?
4
Let o = 6 - 6. Suppose -3*f = -2*c - 1 + 4, 5*c - 2*f - 13 = o. Calculate the greatest common divisor of c and 27.
3
Let i(j) = -7*j + 9. Let w be i(-6). Suppose -2*d + m + 37 = 0, -3*d = 2*d - 5*m - 100. What is the highest common factor of d and w?
17
Let q = -21 + 31. Suppose -3*y = -5*y + 60. Calculate the highest common divisor of q and y.
10
Suppose 8*a = 22 + 26. Let i(q) = -5*q + 4. Let j be i(-4). Calculate the greatest common divisor of j and a.
6
Suppose 2*c + 40 = 4*c - 5*y, 0 = -5*c + 4*y + 134. What is the highest common divisor of c and 10?
10
Let h(l) = -l**3 + 5*l**2 - 3*l + 4. Let o be 3/4 + (-26)/(-8). Let k be h(o). Let m = -133 + 221. Calculate the highest common divisor of k and m.
8
Let t(m) = -2*m**2 + 8*m - 9. Let v(x) = -x**2 + x - 1. Let c(z) = t(z) - 5*v(z). Let a be c(-3). Calculate the highest common factor of 154 and a.
14
Let w be (15/(-9) + 1)*36. Let j = w + 54. Let x(o) = 2*o**2 - 18*o + 12. Let l be x(9). Calculate the greatest common factor of j and l.
6
Let z = 1 + 6. Suppose z*t - c - 3 = 4*t, -3 = -4*t + c. Suppose 2*n - 5 = q + 2, t = -2*n - 3*q + 19. What is the greatest common factor of 20 and n?
5
Suppose 2*u = 0, -65 + 1 = -4*p + 5*u. Let w = p - 9. Let d(q) = q - 2. Let k be d(w). Calculate the highest common factor of k and 20.
5
Let n = -3 + 5. Let o be -2*(21/(-6) - n). What is the greatest common factor of 44 and o?
11
Suppose 0 = -4*i + m + 131, 106 = 5*i + 5*m - 64. What is the highest common factor of 22 and i?
11
Let q = 16 - -9. Suppose -1 = -p + 2*l, -5*p + 13 = -4*l - 4. What is the highest common divisor of q and p?
5
Let v(m) = -m**3 - 9*m**2 + 18. Let k be v(-9). Calculate the greatest common factor of k and 36.
18
Let w = 13 - 12. Suppose -2*v - 93 = -6*v + 5*t, -4*t + 66 = 2*v. Suppose m - 11 = 5*y + 13, 4*m + 3*y = v. Calculate the highest common factor of m and w.
1
Let a = 111 - 87. Calculate the greatest common divisor of a and 96.
24
Let h(m) = 3*m - 7. Let x be h(7). Let y = -8 + x. Calculate the greatest common factor of y and 60.
6
Let d(v) = -8*v**3 + 2*v + 1. Let m be d(-1). Suppose 6*z - 59 = -2*u + 3*z, u + 4*z - 32 = 0. What is the highest common factor of u and m?
7
Suppose 4*s + 161 = i, -i + 5*s = -4*i + 415. What is the greatest common factor of 58 and i?
29
Let r(h) = -h**3 - 2*h**2 - 2*h - 3. Let z be r(-2). Suppose -j + z = -10. Let u = 1 + j. What is the greatest common divisor of 12 and u?
12
Suppose 2*m - 5*r = 18 + 19, -r = -3*m + 36. Suppose -7 + 2 = x. Let n = m + x. Calculate the highest common divisor of n and 24.
6
Let x(a) = a**2 + 5*a + 1. Let l be x(-5). Calculate the highest common divisor of 3 and l.
1
Suppose 3*g = 0, 22 = -5*l - 2*g - 18. Let i be l*2/((-4)/14). What is the highest common divisor of 7 and i?
7
Let j be 22/(-1)*(12 + -13). Calculate the highest common factor of j and 2.
2
Suppose -4 = 4*n + 24. Let w = n - -11. Let l be (3 + 0)/(6/64). Calculate the greatest common factor of l and w.
4
Let s be 14 + (2 - 1)*1. Let l = -4 + s. Calculate the greatest common divisor of l and 1.
1
Let f be (-5 + 0)*23/(-5). What is the highest common divisor of f and 92?
23
Let u be 60/9 + 1/3. Let d(p) = -35*p - 28. Let c be d(-3). What is the highest common factor of c and u?
7
Suppose -2*u - 5 + 23 = -3*g, 0 = -4*u - g + 22. Let m be u/(-2) + 57/3. What is the highest common divisor of m and 4?
4
Let l = 10 - -4. Let g be 4/(-6) + 1688/12. Calculate the greatest common factor of g and l.
14
Let m be 1 + -2 - -2 - -2. Suppose 0 = m*l + 2*l + 15. Let a be (-2)/3 - 17/l. What is the greatest common factor of a and 2?
1
Suppose -2*x - 2*x = -800. What is the greatest common factor of 25 and x?
25
Suppose -192 = -5*t - 62. Suppose 2*s = -3*i + 248, -386 = s - 4*s - i. Calculate the highest common divisor of t and s.
26
Suppose -3*n + 0*n + 243 = 0. Suppose 3*o - 2*o = n. Calculate the greatest common factor of 9 and o.
9
Let x(s) = 3*s**2 + 4*s - 1. Let f(u) = 7*u + 2. Let g be f(-1). Let y be x(g). Calculate the highest common factor of 9 and y.
9
Suppose -4*q + 32 = -4*r, 3*q - r + 4*r = 0. What is the highest common factor of q and 28?
4
Let w(j) = 2*j**2 - 3*j**2 - 2*j - 4*j - 5. Let m be w(-5). Suppose 5*t - 2*f = 90, 2*f + m*f - 110 = -5*t. Calculate the highest common factor of 5 and t.
5
Let u(h) = 6*h**3 - 2*h**2 - 2*h - 1. Let t be u(-1). Let a = 55 + t. What is the highest common factor of a and 32?
16
Suppose -r - 6 = 5*a + 4, 2*r = 0. Suppose 3 = 3*q - 27. Let j = q + a. What is the greatest common factor of 16 and j?
8
Let g(h) = 3*h. Let c be g(5). Suppose -3*o + 8*o - 2*a = 15, -5*o - c = 4*a. Calculate the greatest common factor of 1 and o.
1
Let a = 3 - 1. Suppose 5*f = -3*y, 28 = -f + 3*y + 2*y. Let x be (f + a/2)*-6. Calculate the greatest common divisor of x and 24.
12
Let m(v) = 5*v - 15. Let h be m(10). What is the greatest common divisor of h and 14?
7
Let p(n) = -n**3 - n**2 - n + 2. Let f be p(-2). Suppose 7 - 1 = u. Suppose -4*k - 3*a = -2, -k + a + u = k. Calculate the greatest common factor of k and f.
2
Let u = 2 - 1. Let h(p) = -p - 18. Let j(z) = -3*z - 37. Let i(l) = -5*h(l) + 2*j(l). Let n be i(7). What is the greatest common factor of n and u?
1
Let s = 91 - 85. Calculate the highe